ber?
True
Is 6068693 composite?
False
Is 35003311 composite?
True
Is 299719939 a composite number?
True
Is 575717933 a composite number?
True
Is 7898185 a prime number?
False
Is 4555489 a composite number?
False
Is 17037415 a composite number?
True
Is 140468891 prime?
False
Is 26519239 composite?
True
Is 184371073 composite?
True
Is 147619 a composite number?
True
Is 51158573 prime?
True
Is 3595877 a composite number?
False
Is 343492573 prime?
True
Is 42240091 a prime number?
False
Is 102667 composite?
False
Is 76391467 a prime number?
True
Is 5180158 composite?
True
Is 23000879 a prime number?
False
Is 195782123 a prime number?
False
Is 66175697 a composite number?
True
Is 54563167 a prime number?
False
Is 3275003 composite?
False
Is 14179001 a prime number?
True
Is 30563383 prime?
True
Is 2592193 a prime number?
True
Is 1005881 a composite number?
True
Is 6374821 a prime number?
True
Is 210197237 a composite number?
False
Is 33814259 a prime number?
True
Is 226591957 a composite number?
False
Is 3155609 composite?
False
Is 30079247 a composite number?
True
Is 312102601 a prime number?
True
Is 365335147 composite?
False
Is 3241487 prime?
True
Is 116298041 prime?
True
Is 967171 prime?
True
Is 116177 prime?
True
Is 2931941 a composite number?
False
Is 31535549 prime?
True
Is 12914283 composite?
True
Is 5593831 composite?
True
Is 7018981 composite?
False
Is 667669 prime?
False
Is 12645821 a composite number?
False
Is 37195079 composite?
True
Is 8803169 prime?
True
Is 18357238 a composite number?
True
Is 3943867 a composite number?
True
Is 15164231 a composite number?
False
Is 1859323 prime?
True
Is 110799049 composite?
True
Is 39882014 prime?
False
Is 27117547 a composite number?
False
Is 46598641 prime?
False
Is 3439823 prime?
True
Is 850789 prime?
False
Is 194688113 prime?
False
Is 12315019 prime?
False
Is 3638051 a prime number?
False
Is 2647885 composite?
True
Is 11382647 composite?
False
Is 10117993 a prime number?
True
Is 67285637 a prime number?
False
Is 11553719 prime?
True
Is 15827131 a prime number?
True
Is 8279357 a prime number?
False
Is 4059169 composite?
False
Is 29399691 a prime number?
False
Is 128212711 a composite number?
True
Is 660971 prime?
False
Is 3784913 a composite number?
True
Is 134668931 a prime number?
True
Is 62332003 a prime number?
True
Is 86421 a composite number?
True
Is 428168119 a composite number?
False
Is 117407753 a prime number?
False
Is 15480755 prime?
False
Is 9081599 composite?
False
Is 1121291 a prime number?
False
Is 6755039 a prime number?
True
Is 156235 prime?
False
Is 4226587 composite?
True
Is 64610501 prime?
True
Is 187901543 a composite number?
False
Is 59724233 prime?
True
Is 4764827 composite?
True
Is 58256501 a prime number?
False
Is 2002279 a composite number?
True
Is 44857297 a prime number?
True
Is 237755822 composite?
True
Is 1596277 a prime number?
True
Is 120569747 a composite number?
False
Is 75835127 prime?
True
Is 336412811 a prime number?
False
Is 151165681 a prime number?
True
Is 902423 prime?
False
Is 8911887 composite?
True
Is 139205057 a prime number?
True
Is 7485199 prime?
False
Is 93371 a prime number?
True
Is 11586019 prime?
False
Is 375324961 a composite number?
True
Is 669574601 prime?
False
Is 13221539 prime?
False
Is 2553683 prime?
False
Is 2307139 a composite number?
False
Is 28308747 prime?
False
Is 301119401 prime?
False
Is 561851 a composite number?
True
Is 39923809 prime?
False
Is 979567 composite?
False
Is 285802901 prime?
True
Is 2893703 prime?
True
Is 7131281 prime?
True
Is 1040651 prime?
True
Is 82224869 prime?
False
Is 324573889 a composite number?
False
Is 86942847 a composite number?
True
Is 106027979 a composite number?
False
Is 5870157 a prime number?
False
Is 49965271 a prime number?
False
Is 16363241 a composite number?
False
Is 266765081 prime?
False
Is 1764347 prime?
False
Is 26820217 a composite number?
False
Is 8824463 composite?
True
Is 73464023 prime?
False
Is 37639039 prime?
False
Is 7119517 composite?
False
Is 292426763 a prime number?
False
Is 207763 composite?
False
Is 463195 composite?
True
Is 366109 composite?
True
Is 31219421 a prime number?
False
Is 671519 composite?
False
Is 2018053 a prime number?
False
Is 4953769 composite?
True
Is 712781 composite?
False
Is 2595517 composite?
False
Is 763783 a prime number?
False
Is 24068809 a prime number?
True
Is 174345839 prime?
True
Is 37146947 composite?
False
Is 33943241 a composite number?
True
Is 4303315 a composite number?
True
Is 21553411 a prime number?
False
Is 16665863 a prime number?
True
Is 6195271 a composite number?
True
Is 2762555 composite?
True
Is 243746093 composite?
True
Is 221233889 prime?
True
Is 5209999 prime?
True
Is 1382897443 composite?
False
Is 58854907 a composite number?
True
Is 1287127 prime?
False
Is 45233371 prime?
False
Is 4137059 a composite number?
False
Is 16828109 a composite number?
False
Is 480409 a composite number?
False
Is 30384479 prime?
True
Is 2903457 a prime number?
False
Is 541818143 composite?
True
Is 417473083 a composite number?
False
Is 11907491 a composite number?
True
Is 47087411 a prime number?
False
Is 11089087 a composite number?
False
Is 1280891 a composite number?
True
Is 264391 a prime number?
True
Is 142518485 a composite number?
True
Is 7121641 a composite number?
True
Is 66275563 composite?
False
Is 124465507 prime?
False
Is 8231893 composite?
True
Is 17734777 composite?
False
Is 4029257 a prime number?
False
Is 39988853 prime?
False
Is 11324869 a prime number?
False
Is 135210931 a prime number?
False
Is 1810572433 a prime number?
True
Is 1810547 composite?
True
Is 63889 a prime number?
False
Is 6041531 a composite number?
False
Is 321844807 a prime number?
True
Is 82819679 a prime number?
False
Is 258691 a prime number?
True
Is 7251523 prime?
True
Is 5699431 a prime number?
True
Is 31362437 composite?
True
Is 12292993 composite?
False
Is 21621827 composite?
True
Is 805949 composite?
True
Is 2500999 composite?
False
Is 395983 a prime number?
False
Is 14436427 composite?
False
Is 941489 composite?
False
Is 14450699 a composite number?
False
Is 29591927 composite?
False
Is 127910389 composite?
False
Is 246271085 a prime number?
False
Is 143923891 composite?
False
Is 21363253 composite?
False
Is 26741381 a prime number?
True
Is 1352131 prime?
False
Is 1641515 a prime number?
False
Is 135083 prime?
False
Is 91028159 composite?
True
Is 2953049 composite?
True
Is 259415791 composite?
False
Is 13987166 a composite number?
True
Is 7038439 prime?
False
Is 5787247 a composite number?
False
Is 884617 a composite number?
False
Is 86264543 prime?
False
Is 25981 prime?
True
Is 105217543 composite?
False
Is 1051291 a prime number?
True
Is 48812947 composite?
True
Is 15500803 prime?
False
Is 4090001 composite?
False
Is 1994971 a prime number?
False
Is 39262063 a composite number?
False
Is 27122609 prime?
True
Is 1093389823 a prime number?
True
Is 144556901 composite?
True
Is 6360931 a composite number?
False
Is 993371 a composite number?
True
Is 75084589 prime?
False
Is 89061397 a composite number?
False
Is 91111 composite?
True
Is 8992021 composite?
True
Is 41993381 a prime number?
True
Is 607168189 a prime number?
True
Is 499178 composite?
True
Is 611113537 prime?
True
Is 3267947 composite?
False
Is 25694993 composite?
False
Is 147754807 composite?
True
Is 7544939 composite?
False
Is 13832881 a prime number?
True
Is 17076401 a prime number?
False
Is 544897 composite?
False
Is 11092801 composite?
False
Is 189443 a prime number?
False
Is 16316051 prime?
True
Is 634037 a prime number?
False
Is 6005499 prime?
False
Is 1151577643 composite?
False
Is 148698767 prime?
False
Is 4762283 prime?
False
Is 866561 prime?
False
Is 1901057 prime?
False
Is 143641909 a prime number?
True
Is 166407401 a prime number?
False
Is 5122387 a prime number?
True
Is 17421641 a prime number?
False
Is 49063141 a prime number?
True
Is 983387 composite?
True
Is 11634661 a prime number?
False
Is 88126985 a prime number?
False
Is 5680079 prime?
True
Is 21628769 a composite number?
True
Is 1333174211 composite?
False
Is 58770611 composite?
False
Is 61766311 a composite number?
True
Is 2352027 composite?
True
Is 308732599 a prime number?
False
Is 32293865 a prime number?
False
Is 575237